{"id":39,"date":"2024-11-06T11:29:29","date_gmt":"2024-11-06T10:29:29","guid":{"rendered":"https:\/\/laternchen.aux-send.de\/?page_id=39"},"modified":"2025-07-15T18:36:27","modified_gmt":"2025-07-15T17:36:27","slug":"startseite-2","status":"publish","type":"page","link":"https:\/\/laternchen.aux-send.de\/","title":{"rendered":"Startseite"},"content":{"rendered":"\n<h2 class=\"wp-block-heading has-text-align-center\">Gastst\u00e4tte &#8211; Zum Laternchen<\/h2>\n\n\n<div class=\"wp-block-image\">\n<figure class=\"aligncenter size-large is-resized\"><img loading=\"lazy\" decoding=\"async\" width=\"1264\" height=\"712\" src=\"https:\/\/laternchen.aux-send.de\/wp-content\/uploads\/2024\/11\/Bild-alt-edited-1.jpg\" alt=\"\" class=\"wp-image-86\" style=\"width:842px;height:auto\" srcset=\"https:\/\/laternchen.aux-send.de\/wp-content\/uploads\/2024\/11\/Bild-alt-edited-1.jpg 1264w, https:\/\/laternchen.aux-send.de\/wp-content\/uploads\/2024\/11\/Bild-alt-edited-1-300x169.jpg 300w, https:\/\/laternchen.aux-send.de\/wp-content\/uploads\/2024\/11\/Bild-alt-edited-1-1024x577.jpg 1024w, https:\/\/laternchen.aux-send.de\/wp-content\/uploads\/2024\/11\/Bild-alt-edited-1-768x433.jpg 768w\" sizes=\"auto, (max-width: 1264px) 100vw, 1264px\" \/><\/figure>\n<\/div>\n\n\n<p class=\"has-text-align-center\"><strong>Die Gastst\u00e4tte &#8211; Zum Laternchen in Bochum Wattenscheid <br>hat ab sofort neue P\u00e4chter.<\/strong><br><br><strong>Die Eheleute Pinko\u00df<\/strong><br><strong>und Ihr Team<\/strong><br><strong>hei\u00dfen Sie herzlich Willkommen.<br><\/strong><br><strong>Feiern oder kl\u00f6nen Sie in urigen und gem\u00fctlichem Ambiente. <br><br><br><br>Mit freundlichen Gr\u00fc\u00dfen, Ihre Familie Stute<\/strong><\/p>\n\n\n\n<p><\/p>\n","protected":false},"excerpt":{"rendered":"<p>Gastst\u00e4tte &#8211; Zum Laternchen Die Gastst\u00e4tte &#8211; Zum Laternchen in Bochum Wattenscheid hat ab sofort neue P\u00e4chter. Die Eheleute Pinko\u00dfund Ihr Teamhei\u00dfen Sie herzlich Willkommen.Feiern oder kl\u00f6nen Sie in urigen und gem\u00fctlichem Ambiente. Mit freundlichen Gr\u00fc\u00dfen, Ihre Familie Stute<\/p>\n","protected":false},"author":1,"featured_media":0,"parent":0,"menu_order":0,"comment_status":"closed","ping_status":"closed","template":"","meta":{"_kad_post_transparent":"disable","_kad_post_title":"hide","_kad_post_layout":"normal","_kad_post_sidebar_id":"","_kad_post_content_style":"unboxed","_kad_post_vertical_padding":"show","_kad_post_feature":"default","_kad_post_feature_position":"","_kad_post_header":false,"_kad_post_footer":false,"_kad_post_classname":"","footnotes":""},"class_list":["post-39","page","type-page","status-publish","hentry"],"_links":{"self":[{"href":"https:\/\/laternchen.aux-send.de\/index.php\/wp-json\/wp\/v2\/pages\/39","targetHints":{"allow":["GET"]}}],"collection":[{"href":"https:\/\/laternchen.aux-send.de\/index.php\/wp-json\/wp\/v2\/pages"}],"about":[{"href":"https:\/\/laternchen.aux-send.de\/index.php\/wp-json\/wp\/v2\/types\/page"}],"author":[{"embeddable":true,"href":"https:\/\/laternchen.aux-send.de\/index.php\/wp-json\/wp\/v2\/users\/1"}],"replies":[{"embeddable":true,"href":"https:\/\/laternchen.aux-send.de\/index.php\/wp-json\/wp\/v2\/comments?post=39"}],"version-history":[{"count":18,"href":"https:\/\/laternchen.aux-send.de\/index.php\/wp-json\/wp\/v2\/pages\/39\/revisions"}],"predecessor-version":[{"id":157,"href":"https:\/\/laternchen.aux-send.de\/index.php\/wp-json\/wp\/v2\/pages\/39\/revisions\/157"}],"wp:attachment":[{"href":"https:\/\/laternchen.aux-send.de\/index.php\/wp-json\/wp\/v2\/media?parent=39"}],"curies":[{"name":"wp","href":"https:\/\/api.w.org\/{rel}","templated":true}]}}